ivisor of 15799 and 333?
37
What is the highest common factor of 378 and 2609586?
126
Calculate the highest common factor of 724 and 21177.
181
What is the highest common factor of 378 and 20706?
42
What is the highest common divisor of 3377 and 35541?
11
What is the greatest common divisor of 820 and 2132?
164
Calculate the greatest common divisor of 241670 and 338.
338
What is the highest common factor of 568360 and 195?
65
What is the greatest common divisor of 28612 and 3772?
92
What is the highest common factor of 1344 and 924?
84
Calculate the highest common factor of 49491 and 52.
13
What is the highest common factor of 864234 and 1539?
171
What is the highest common divisor of 1156 and 11866?
34
What is the greatest common divisor of 320494 and 284?
142
What is the greatest common divisor of 1305 and 1363?
29
Calculate the highest common divisor of 110 and 17930.
110
Calculate the greatest common factor of 309034 and 968.
242
What is the highest common divisor of 8283 and 747?
3
Calculate the highest common factor of 3 and 273597.
3
Calculate the greatest common factor of 1368 and 267273.
171
Calculate the greatest common divisor of 627408 and 96.
48
Calculate the highest common divisor of 144 and 1786256.
16
What is the greatest common divisor of 255773 and 119?
7
What is the highest common divisor of 15058 and 16?
2
What is the greatest common divisor of 1170 and 6215430?
390
What is the greatest common divisor of 280 and 13496?
56
Calculate the highest common factor of 2345 and 11390.
335
Calculate the highest common divisor of 234932 and 4.
4
What is the greatest common divisor of 16870 and 140?
70
What is the highest common factor of 138116 and 22?
22
What is the highest common divisor of 240 and 7890?
30
Calculate the highest common divisor of 608748 and 56.
28
What is the highest common factor of 110839 and 813?
271
Calculate the greatest common divisor of 100843 and 1116.
31
What is the highest common factor of 542 and 60433?
271
What is the highest common divisor of 500 and 62875?
125
Calculate the highest common divisor of 37 and 222999.
37
Calculate the highest common divisor of 1561 and 227237.
223
Calculate the greatest common divisor of 326556 and 940.
188
What is the greatest common divisor of 77 and 22?
11
What is the greatest common factor of 38019 and 1767?
57
Calculate the highest common factor of 13 and 440102.
13
Calculate the greatest common divisor of 109759 and 26.
13
Calculate the highest common factor of 402 and 1740.
6
Calculate the greatest common divisor of 297076 and 348.
116
What is the highest common divisor of 222922 and 112?
14
What is the greatest common factor of 159 and 219261?
159
Calculate the greatest common divisor of 137356 and 92.
92
What is the highest common divisor of 11016 and 88?
8
What is the highest common factor of 858 and 7150?
286
Calculate the highest common factor of 608010 and 15.
15
Calculate the highest common divisor of 106480 and 220.
220
What is the highest common factor of 3969 and 963?
9
What is the greatest common factor of 8 and 475256?
8
Calculate the highest common factor of 112 and 280.
56
Calculate the greatest common factor of 483 and 3486.
21
Calculate the greatest common divisor of 154 and 36267.
77
Calculate the greatest common factor of 78550 and 300.
50
What is the greatest common divisor of 205 and 3970?
5
Calculate the highest common factor of 44149 and 588.
49
What is the highest common divisor of 8310 and 655936?
554
Calculate the greatest common divisor of 817 and 11507445.
817
What is the highest common factor of 23 and 36938?
23
What is the greatest common divisor of 135290 and 1245?
415
Calculate the greatest common divisor of 30589 and 1629.
181
Calculate the greatest common divisor of 767 and 2063230.
767
What is the highest common divisor of 26696 and 282?
94
Calculate the highest common factor of 18768 and 21068.
92
Calculate the greatest common divisor of 648 and 12499272.
648
Calculate the greatest common divisor of 656 and 97744.
656
What is the greatest common factor of 416 and 7984?
16
Calculate the greatest common factor of 6503337 and 522.
261
Calculate the greatest common divisor of 229470 and 30.
30
Calculate the greatest common divisor of 3285278 and 268.
134
Calculate the greatest common divisor of 5213 and 2938.
13
Calculate the greatest common divisor of 2620 and 95368.
524
Calculate the highest common divisor of 221 and 1479.
17
Calculate the highest common divisor of 290 and 63480.
10
Calculate the greatest common divisor of 52 and 2225236.
52
What is the highest common divisor of 3383 and 255?
17
Calculate the highest common divisor of 4709515 and 5.
5
Calculate the highest common factor of 508 and 10287.
127
Calculate the greatest common factor of 3590 and 30.
10
What is the greatest common factor of 5724875 and 250?
125
Calculate the greatest common factor of 1245413 and 130.
13
Calculate the highest common factor of 53 and 310421.
53
What is the highest common divisor of 2559 and 519?
3
Calculate the highest common factor of 27 and 11271.
3
Calculate the greatest common divisor of 245 and 6825.
35
Calculate the highest common factor of 16976 and 6.
2
Calculate the greatest common divisor of 5947921 and 7.
7
What is the greatest common divisor of 7504 and 280?
56
Calculate the greatest common factor of 88864 and 32.
32
What is the highest common factor of 7356 and 95015?
613
What is the highest common factor of 725 and 5245?
5
What is the greatest common factor of 675514 and 196?
98
What is the greatest common factor of 267056 and 320?
16
Calculate the highest common factor of 979 and 38874.
11
What is the highest common factor of 28 and 22722?
14
What is the highest common divisor of 2611 and 42?
7
What is the highest common divisor of 293235 and 79665?
1695
What is the highest common divisor of 5589 and 3933?
207
Calculate the greatest common divisor of 58 and 2781593.
29
What is the highest common factor of 670 and 44153?
67
Calculate the highest common divisor of 180204 and 12.
12
What is the highest common divisor of 50635 and 975?
65
What is the highest common divisor of 247 and 810147?
13
Calculate the greatest common divisor of 339 and 11933139.
339
What is the greatest common factor of 111 and 5793?
3
Calculate the greatest common factor of 320292 and 420.
84
What is the greatest common factor of 4446 and 7631?
13
Calculate the highest common factor of 18091 and 316.
79
What is the greatest common divisor of 68910 and 210?
30
Calculate the highest common factor of 4454 and 15196.
262
What is the greatest common divisor of 10 and 1516490?
10
What is the greatest common divisor of 303 and 663065?
101
What is the greatest common factor of 1638 and 420?
42
What is the highest common divisor of 1965 and 215?
5
What is the highest common factor of 480376 and 248?
248
What is the highest common divisor of 293 and 2614439?
293
What is the highest common divisor of 1599 and 312?
39
Calculate the greatest common factor of 762 and 12930.
6
Calculate the greatest common factor of 18685 and 6565.
505
What is the greatest common factor of 48 and 1102992?
48
What is the highest common divisor of 3055 and 19505?
235
Calculate the highest common divisor of 8736 and 96.
96
Calculate the greatest common factor of 2850 and 2700.
150
What is the greatest common factor of 221 and 19357?
13
What is the highest common divisor of 71 and 578366?
71
Calculate the highest common divisor of 13945 and 5.
5
What is the highest common factor of 105 and 350049?
21
Calculate the highest common divisor of 41420 and 7085.
545
What is the highest common divisor of 1115 and 235?
5
What is the greatest common factor of 5902 and 3302?
26
What is the highest common factor of 148225 and 70?
35
Calculate the greatest common factor of 168164 and 204.
68
What is the highest common factor of 1963 and 4446?
13
What is the greatest common divisor of 9042 and 946?
22
Calculate the greatest common factor of 14 and 734.
2
What is the greatest common divisor of 18 and 3006?
18
What is the highest common factor of 163792 and 80?
16
What is the greatest common factor of 5850432 and 448?
448
Calculate the highest common factor of 144 and 673587.
9
What is the highest commo